Calculate y(8).
-14
Let a(x) = -8*x**2 - 44*x + 38. Give a(-7).
-46
Let k(a) = 7116*a - 1352097. What is k(190)?
-57
Let a(h) = h**3 - 84*h**2 - 1046*h - 10101. Give a(96).
75
Let z(i) = -i**3 - 31*i**2 + 1873*i - 120. Calculate z(32).
-4696
Let b(a) = 2*a**3 + 279*a**2 - 3266*a - 473324. Calculate b(-139).
-29
Let o(r) = -2364*r - 10353. What is o(-4)?
-897
Let q(v) = 1020*v - 239698. Calculate q(235).
2
Let x(b) = -11*b**2 - 942*b + 8531. What is x(9)?
-838
Let u(s) = s**3 - 420*s**2 + 1387*s - 408. Calculate u(3).
0
Let d(v) = -36*v**3 + 5*v**2 + 2904*v - 11633. Determine d(4).
-2241
Let u(t) = 608*t - 5557. Give u(10).
523
Let q(u) = -6*u**3 + 235*u**2 - 14*u - 1048. Determine q(39).
-73
Let q(v) = v**3 - 10*v**2 - 9812*v + 39346. Give q(4).
2
Let d(z) = -z**2 - 132*z - 1311. Calculate d(-122).
-91
Let j(k) = 21*k**2 + 753*k - 7529. Determine j(8).
-161
Let i(f) = f**2 - 1227*f + 8524. What is i(7)?
-16
Let r(i) = 33*i + 14917. Give r(-458).
-197
Let j(h) = 20*h + 591. Give j(-10).
391
Let r(w) = w**2 - 23*w - 433. Give r(-26).
841
Let a(c) = -350400*c - 350322. What is a(-1)?
78
Let b(s) = -s**3 + 37*s**2 - 287*s - 617. Calculate b(24).
-17
Let b(u) = -2*u**2 - 115*u - 1830. What is b(-18)?
-408
Let u(f) = 181584*f**2 + 4176432*f + 2. Calculate u(-23).
2
Let v(g) = -85*g - 2324. Give v(-35).
651
Let i(r) = 1830*r + 20126. Determine i(-11).
-4
Let k(p) = -p**2 + 146*p - 5623. Give k(90).
-583
Let w(o) = 79*o**2 + 1770*o + 644. What is w(-22)?
-60
Let o(w) = w**3 - 7*w**2 + 144285*w - 865667. Determine o(6).
7
Let n(l) = l**2 + 162*l - 23379. Give n(92).
-11
Let h(g) = 101*g**3 + 9*g**2 - 2213*g + 2203. Calculate h(1).
100
Let c(u) = 6550*u - 100. Give c(0).
-100
Let d(h) = -9520*h - 152131. What is d(-16)?
189
Let r(k) = 2*k**3 - 12*k**2 + 293*k - 1020. What is r(4)?
88
Let n(a) = -1765*a**2 + 10579*a + 26. Calculate n(6).
-40
Let d(n) = 29*n**3 - 293*n**2 - 3*n + 39. Calculate d(10).
-291
Let o(m) = -m**3 + 15*m**2 + 1048*m + 4047. Give o(42).
435
Let k(b) = -4*b**3 + 59*b**2 + 747*b - 22. Determine k(-9).
950
Let x(a) = -1316*a + 160640. Give x(122).
88
Let c(t) = t**2 - 592*t - 31580. What is c(-51)?
1213
Let l(c) = -1166*c - 124762. What is l(-107)?
0
Let t(h) = -553*h + 150297. Determine t(272).
-119
Let b(o) = o**3 - 27*o**2 + 14*o + 147. Calculate b(25).
-753
Let x(u) = -8*u**2 + 27057*u - 162386. Give x(6).
-332
Let c(l) = l**3 + 731*l**2 - 8161*l + 18. What is c(11)?
29
Let t(p) = -13614*p - 721367. What is t(-53)?
175
Let w(o) = 138*o**2 + 99199*o - 16503. Calculate w(-719).
34
Let t(w) = w**3 + 36*w**2 - 122*w - 259. Give t(-39).
-64
Let b(j) = j**3 - 3*j**2 - 241*j + 1183. Calculate b(5).
28
Let y(w) = 316*w - 6759. Determine y(19).
-755
Let f(l) = 25*l**3 - 142*l**2 - 77*l + 2. Give f(6).
-172
Let f(g) = 24*g**2 + 229*g - 239. Determine f(-17).
2804
Let x(y) = y**3 + 559*y**2 - 283*y + 155113. Determine x(-560).
-7
Let h(w) = -3155*w + 287081. Calculate h(91).
-24
Let c(v) = -v**3 - 29*v**2 + 625*v - 310. Give c(14).
12
Let j(q) = q**3 + 236*q**2 + 13818*q - 6329. Determine j(-111).
-2
Let x(k) = 294476*k - 3533700. Determine x(12).
12
Let b(f) = f**2 + 20798*f - 333046. Calculate b(16).
-22
Let z(x) = 69444*x - 833341. Calculate z(12).
-13
Let t(s) = 1143*s - 1644. Give t(1).
-501
Let f(x) = -2*x**3 + 313*x**2 - 772*x + 447. Calculate f(154).
139
Let j(l) = -2419*l + 12108. What is j(5)?
13
Let u(w) = 2*w**3 - 15*w**2 - 193*w + 919. Determine u(4).
35
Let u(w) = -11*w**2 - 468*w + 7566. What is u(-55)?
31
Let q(g) = 145852*g + 1166813. Determine q(-8).
-3
Let b(g) = g**3 + 267*g**2 + 129*g + 34459. What is b(-267)?
16
Let i(p) = -p**3 + 382*p**2 + 396*p - 5020. What is i(383)?
-41
Let u(z) = 27*z**3 + 37*z**2 - 37*z + 1. Give u(1).
28
Let w(v) = 5*v**2 - 190*v - 1951. Calculate w(-8).
-111
Let w(v) = -2*v**2 + 2154*v + 34982. Give w(-16).
6
Let v(o) = -314*o + 3467. Calculate v(10).
327
Let p(a) = -7*a**3 - 51*a**2 - 1614*a - 11195. Give p(-7).
5
Let q(y) = 430*y**2 - 2129*y - 6159. Calculate q(7).
8
Let i(d) = -2013*d + 12527. Determine i(6).
449
Let w(g) = -62*g**2 + 11*g + 36. Determine w(-3).
-555
Let a(v) = 7*v**3 + 290*v**2 - 119*v + 2049. What is a(-42)?
-9
Let x(j) = -908*j - 783789. What is x(-863)?
-185
Let h(m) = m**2 + 1759*m + 137512. Give h(-82).
-2
Let p(b) = -336*b + 37567. What is p(112)?
-65
Let m(r) = r**3 - 138*r**2 + 537*r - 772. Give m(134).
-638
Let q(a) = a**2 - 67*a - 7. Determine q(0).
-7
Let h(o) = 1075*o + 91485. Determine h(-86).
-965
Let m(p) = -p**3 + 5*p**2 + 45*p + 457. What is m(12)?
-11
Let h(z) = -4*z**3 + 66*z**2 - 326*z + 3541. Calculate h(15).
1
Let v(o) = 6*o**2 + 493*o + 64. Determine v(-82).
-18
Let t(y) = 92*y**2 + 689*y - 3607. Determine t(-11).
-54
Let l(z) = -7*z**3 - 390*z - 3655. Give l(-8).
3049
Let p(t) = 19*t**3 - 104*t**2 - 505*t + 33. What is p(-5)?
-2417
Let t(d) = 81*d - 2240. What is t(33)?
433
Let t(c) = -58699*c - 176025. Calculate t(-3).
72
Let q(b) = 2*b**3 - 483*b**2 + 231*b + 2312. What is q(241)?
-98
Let y(r) = -26415*r - 3460292. What is y(-131)?
73
Let f(z) = -231*z + 3734. What is f(16)?
38
Let w(q) = 496*q + 1771. Determine w(-4).
-213
Let q(r) = 9029*r - 9050. Give q(1).
-21
Let p(v) = 1948*v**3 - 8*v**2 - 36*v - 27. Calculate p(-1).
-1947
Let f(w) = 168796*w + 1856766. Give f(-11).
10
Let c(n) = -n**2 + 51734*n - 2584181. Calculate c(50).
19
Let q(c) = -3*c**2 - 75*c + 6461. Give q(36).
-127
Let z(x) = -x**3 - 152*x**2 - 1630*x + 198. Determine z(-11).
1067
Let l(g) = 276*g - 20410. Determine l(74).
14
Let u(h) = 89*h + 1460. Calculate u(0).
1460
Let b(d) = 2*d**2 + 156*d - 17. Determine b(-22).
-2481
Let v(j) = 4*j**3 - 98*j**2 - 1216*j + 31599. Give v(22).
7
Let n(u) = 259*u**3 - 5*u**2 + 9*u + 6. What is n(-1)?
-267
Let y(a) = 1002*a + 1605. Calculate y(-2).
-399
Let t(z) = z**3 - 14*z**2 + 23*z + 167. Determine t(12).
155
Let k(s) = 1784*s**2 - 198024*s - 24. Determine k(111).
-24
Let v(t) = 46*t + 5175. Calculate v(-103).
437
Let d(x) = 421*x - 33157. Calculate d(69).
-4108
Let q(s) = s**3 + 133*s**2 + 2003*s - 1240. Give q(-18).
-34
Let z(v) = 183*v + 7458. Give z(-40).
138
Let z(s) = -2*s**3 + 6*s**2 + 22*s + 37. Calculate z(-4).
173
Let y(n) = 3*n**2 + 12*n - 8235. What is y(53)?
828
Let z(f) = -1257*f - 3283. Determine z(-3).
488
Let v(h) = 1721*h + 32659. What is v(-19)?
-40
Let l(g) = -25356*g + 7505367. Give l(296).
-9
Let b(a) = 3*a**2 - 375*a - 19974. Determine b(164).
-786
Let g(j) = -2*j**3 + 1346*j**2 + 8103*j + 4. Give g(-6).
274
Let u(j) = 17*j**3 - 15*j**2 + 103*j - 135. Calculate u(2).
147
Let z(m) = -m**3 + 141*m**2 + 1000*m - 140947. Give z(141).
53
Let r(d) = 4*d**2 - 844*d + 2480. Give r(3).
-16
Let i(d) = 2*d**3 - 23*d**2 - 301*d + 293. Determine i(19).
-11
Let v(d) = 735*d - 35246. Calculate v(48).
34
Let b(v) = 59*v**2 + 135*v - 413. Give b(-5).
387
Let u(x) = 4*x**2 - 59*x - 1768. Give u(-17).
391
Let l(k) = k**2 + 158*k + 1027. Calculate l(-152).
115
Let c(u) = 5*u**2 - 724*u + 2783. What is c(145)?
2928
Let g(n) = 2*n**2 - 398*n - 9772. What is g(221)?
-48
Let b(q) = q**2 - 5549*q + 1126325. Calculate b(211).
7
Let q(v) = 4386*v - 166509. What is q(38)?
159
Let t(d) = 2*d**2 - 1795*d + 324517. Give t(251).
-26
Let q(r) = 7*r**2 + 2568*r - 26698. Determine q(-377).
69
Let q(m) = 124814*m + 26835012. Determine q(-215).
2
Let f(t) = -33*t**2 + 8813*t - 535. What is f(267)?
-1
Let g(c) = c**3 - 29*c**2 - 23*c - 20. What is g(29)?
-687
Let m(i) = i**2 + 2509*i + 1347674. Give m(-779).
4
Let z(q) = q**3 - 28*q**2 + q + 667. Determine z(28).
695
Let l(c) = -6864*c + 27457. Determine l(4).
1
Let l(w) = -11285555*w - 33856671. What is l(-3)?
-6
Let f(z) = z**3 - 23*z**2 - 10659*z + 245162. Determine f(23).
5
Let y(u) = -3*u**2 + 21997*u - 153869. What is y(7)?
-37
Let d(o) = 578*o - 50221. Determine d(87).
65
Let o(l) = -38130*l - 4651858. Determine o(-122).
2
Let z(w) = 13*w**3 + 347*w**2 - 145*w - 871. What is z(-27)?
128
Let u(n) = 103492*n - 517405. What is u(5)?
55
Let t(c) = -5*c**3 - 121*c**2 - 208*c + 82. Calculate t(-2).
54
Let a(q) = -q**3 + 401*q**2 + 1611*q + 3301. What is a(405)?
-344
Let j(b) = 5*b**3 + 5*b**2 + 30*b + 180. What is j(-8)?
-2300
Let i(y) = 486206*y + 3403459. What is i(-7)?
17
Let f(m) = 9*m**2 + 286*m